*2 + 227*f - 398. Give d(53).
397
Let j(y) = 83943*y**2 - 1343093*y + 25. What is j(16)?
-55
Let n(i) = -5*i**3 - 2*i**2 + 2144*i + 4286. Calculate n(-2).
30
Let s(n) = -72*n**2 + 195*n + 371. Determine s(-2).
-307
Let w(n) = 1567*n - 402720. Give w(257).
-1
Let h(f) = f**3 + 367*f**2 + 14653*f + 5377652. Calculate h(-367).
1
Let q(i) = i**3 - 42*i**2 + 112*i + 1565. Calculate q(38).
45
Let h(r) = -3*r**2 + 30950*r - 216542. Determine h(7).
-39
Let j(x) = 79*x**2 + 27111*x + 4809. Give j(-343).
7
Let q(g) = g**3 + 10*g**2 - 142*g - 6. What is q(-18)?
-42
Let r(f) = -f**2 + 2958*f + 26773. What is r(-9)?
70
Let v(h) = -14*h**2 - 403*h + 3960. What is v(10)?
-1470
Let r(w) = -30*w**2 - 12094*w - 1608. What is r(-403)?
4
Let g(s) = -43*s**2 - 3818*s - 728. Determine g(-89).
-1529
Let t(m) = 58015*m + 464110. What is t(-8)?
-10
Let d(t) = 147284*t + 1178284. Give d(-8).
12
Let m(r) = -r**2 - 88*r + 2521. Determine m(24).
-167
Let m(t) = -17*t**2 + 328*t - 1322. What is m(16)?
-426
Let f(r) = r**3 - 7*r**2 - 261*r + 2165. Determine f(15).
50
Let t(q) = -2*q**3 - 84*q**2 - 84*q - 3599. Give t(-42).
-71
Let o(a) = 672*a + 264092. What is o(-393)?
-4
Let a(n) = 5*n**2 + 429*n - 23. Determine a(-86).
63
Let a(g) = -3775986*g + 15103941. What is a(4)?
-3
Let p(d) = d**2 + 69*d - 238. Determine p(0).
-238
Let a(w) = w**3 + 216*w**2 + 3559*w - 890. Calculate a(-198).
100
Let x(i) = 3*i**2 + 661*i + 747. Determine x(-219).
-129
Let f(y) = -3*y**3 + 59*y**2 + 593*y + 140. Determine f(27).
113
Let q(j) = -28*j**2 - 150*j - 78. Calculate q(-12).
-2310
Let k(j) = 95*j**2 + 428*j - 1309. What is k(3)?
830
Let x(p) = -16955*p + 84778. Determine x(5).
3
Let d(r) = -r**3 + 547*r**2 - 18872*r + 1026. What is d(510)?
6
Let y(f) = f**2 + 238*f + 15011. What is y(-82)?
2219
Let b(g) = -1223*g**2 + 13452*g - 6. What is b(11)?
-17
Let a(s) = -s**3 - 22*s**2 + 18*s + 162. Give a(-20).
-998
Let s(n) = -n**3 - 5*n**2 + 491*n + 901. Give s(-24).
61
Let x(u) = 369*u - 40. What is x(1)?
329
Let k(u) = -21*u - 1595. What is k(-77)?
22
Let i(w) = w**2 + 987*w + 14656. Determine i(-15).
76
Let u(p) = p**3 - 33*p**2 - 261*p + 1035. Calculate u(39).
-18
Let z(s) = -9064*s - 13707. What is z(-2)?
4421
Let k(w) = w**3 - 206*w**2 - 217*w + 2041. Determine k(207).
-29
Let i(w) = -397*w**2 - 809*w - 16. What is i(-2)?
14
Let x(v) = -375*v**2 - 4099*v + 302. Determine x(-11).
16
Let s(p) = -10*p**2 + 73*p + 1045. Determine s(-12).
-1271
Let c(p) = -2978*p - 565821. Give c(-190).
-1
Let v(p) = 253*p + 17327. Determine v(-69).
-130
Let u(q) = 6372*q - 57405. Calculate u(9).
-57
Let w(u) = -u**2 - 600*u - 61996. Give w(-133).
115
Let g(a) = a**3 + 43*a**2 - 42*a - 980. Determine g(5).
10
Let f(v) = -v**3 + 72*v**2 - 1322*v + 207. Give f(37).
-792
Let w(y) = -629589*y + 5666301. Calculate w(9).
0
Let y(x) = -2*x**3 - 117*x**2 - 1154*x - 439. Calculate y(-12).
17
Let c(i) = 452427*i - 3619461. What is c(8)?
-45
Let r(f) = f**3 - 132*f**2 + 239*f - 15448. Give r(131).
-1300
Let m(t) = 46*t**2 + 7977*t + 60. Calculate m(-174).
4758
Let w(s) = -1686*s - 22954. Calculate w(-15).
2336
Let l(c) = 15971*c + 50142. Give l(-3).
2229
Let k(m) = 3*m**3 + 14*m**2 - 789*m - 5884. Calculate k(-9).
164
Let g(h) = -1467*h + 10518. Give g(7).
249
Let d(g) = -g**2 - 55707*g - 278514. Give d(-5).
-4
Let q(f) = f**3 + 102*f**2 - 99*f - 10106. Give q(-102).
-8
Let c(w) = 12*w**2 - 215*w - 219. Calculate c(-1).
8
Let x(z) = -z**3 - 71*z**2 + 339*z + 8. Calculate x(5).
-197
Let w(z) = -1080*z - 500193. Give w(-463).
-153
Let q(o) = 145*o - 4226. What is q(30)?
124
Let g(c) = 157*c**2 + 4862*c - 192. Give g(-31).
-37
Let w(k) = k**2 + 171*k + 7052. Give w(-69).
14
Let h(q) = 26*q**2 + 6474*q - 6474. What is h(1)?
26
Let n(j) = 337*j + 9263. What is n(-22)?
1849
Let g(d) = 7*d**3 + 16*d**2 + 2057*d - 2074. Calculate g(1).
6
Let n(p) = -p**2 + 163*p - 2880. Determine n(20).
-20
Let l(c) = 826*c - 118136. Determine l(143).
-18
Let n(j) = j**3 + 130*j**2 + 2129*j + 1365. Determine n(-111).
-855
Let y(b) = -667*b + 7462. Determine y(11).
125
Let b(j) = -3*j**2 + 120*j + 17516. Determine b(99).
-7
Let i(z) = 2252973*z - 31541630. Give i(14).
-8
Let d(v) = 2*v**3 - 356*v**2 + 356*v + 377. Determine d(177).
731
Let l(q) = -q**2 - 1034*q + 34122. What is l(32)?
10
Let d(b) = 453583*b - 2721489. Calculate d(6).
9
Let i(f) = -f**2 - 97*f + 83012. Determine i(244).
-192
Let n(m) = 117*m - 8956. Determine n(71).
-649
Let v(b) = -2*b**3 - 19*b**2 - 33151*b - 165529. Determine v(-5).
1
Let s(p) = -5*p**2 - 172*p + 180. Give s(1).
3
Let p(m) = -5333*m + 783934. What is p(147)?
-17
Let h(y) = -982*y + 167938. Determine h(171).
16
Let v(r) = 10*r**2 - 389*r + 2859. What is v(9)?
168
Let q(g) = 223*g + 18540. What is q(-80)?
700
Let n(r) = -r**3 + 82*r**2 + 26543*r - 31. Calculate n(-127).
-31
Let x(j) = 363*j + 95540. Calculate x(-263).
71
Let t(v) = -66*v - 709. Calculate t(-32).
1403
Let n(r) = 120*r**2 + 9832*r - 659. Calculate n(-82).
-3
Let k(j) = 3*j**3 - 86*j**2 - 474*j - 322. Determine k(34).
2058
Let l(v) = -14*v**2 - 2257*v - 431. Calculate l(-161).
52
Let d(l) = -53*l**2 + 2529*l - 2. What is d(0)?
-2
Let g(y) = -71744*y + 2080604. What is g(29)?
28
Let p(z) = z**3 - 99*z**2 - 617*z + 11159. Calculate p(104).
1071
Let q(x) = -352*x + 3365. Determine q(10).
-155
Let z(l) = -18*l**2 + 4496*l + 22855. Calculate z(-5).
-75
Let y(b) = b**3 - 33*b**2 - 794*b + 18116. Determine y(17).
-6
Let c(w) = -2*w**3 - 162*w**2 - 139*w + 328. Calculate c(-80).
-1352
Let l(b) = -b**3 + 51*b**2 - 1316*b + 7676. What is l(8)?
-100
Let t(f) = -392*f + 151416. Give t(386).
104
Let x(g) = -9*g**2 + 556*g - 3265. Calculate x(6).
-253
Let w(z) = -1067*z - 10307. Calculate w(-9).
-704
Let l(d) = 2*d**2 - 329*d - 2287. Give l(-7).
114
Let m(w) = 4718*w - 113825. What is m(24)?
-593
Let x(g) = g**2 - 275*g + 16696. Calculate x(100).
-804
Let i(m) = -2824*m + 338884. Give i(120).
4
Let c(i) = 8*i**2 - 240*i + 1807. What is c(15)?
7
Let b(n) = 227*n + 62. What is b(0)?
62
Let v(t) = t**3 + 20*t**2 - 100*t - 87. Calculate v(-24).
9
Let n(r) = -403433*r + 12909863. Determine n(32).
7
Let s(j) = -53*j**2 + 763*j - 296. Determine s(14).
-2
Let r(b) = -13*b**3 - 762*b**2 - 1191*b + 366. Give r(-57).
24
Let w(m) = -189*m**2 + 3578*m + 247. What is w(19)?
0
Let g(j) = 6*j**3 - 36*j**2 + 127*j - 708. Determine g(6).
54
Let u(h) = 749*h + 77162. Determine u(-103).
15
Let n(x) = -11*x**3 + 135*x**2 + 149*x - 638. Give n(13).
-53
Let q(h) = -8801*h - 3062759. Give q(-348).
-11
Let l(f) = 154*f**3 - 38502*f**2 + 500*f + 3. What is l(250)?
3
Let i(b) = -319449*b + 4791727. What is i(15)?
-8
Let a(l) = -l**3 + 53*l**2 + 6780*l + 9. What is a(113)?
9
Let d(i) = -2*i**3 - 44*i**2 - 7008*i - 154248. Give d(-22).
-72
Let a(u) = 884*u + 5474. Calculate a(-6).
170
Let a(w) = -22*w**3 + 143*w**2 - 403*w + 8. What is a(4)?
-724
Let v(q) = -353944*q - 5309184. Calculate v(-15).
-24
Let s(x) = -50*x**2 - 153*x + 793. Give s(5).
-1222
Let h(y) = 1400*y - 7599. What is h(4)?
-1999
Let h(b) = b**3 + 201*b**2 + 489*b + 57802. Give h(-200).
2
Let g(t) = -31594*t - 442923. Give g(-14).
-607
Let u(m) = -m**3 - 297*m**2 - 2432*m - 2782. Give u(-7).
32
Let l(p) = 31927*p + 159539. What is l(-5)?
-96
Let t(g) = -3*g**3 + 142*g**2 - 22*g - 808. Give t(47).
367
Let g(f) = 2*f + 557. Determine g(-205).
147
Let v(w) = 446*w + 58022. What is v(-130)?
42
Let o(c) = 3*c**2 + 1423*c + 165516. Calculate o(-270).
6
Let d(z) = 2*z**2 + 135*z - 4495. What is d(-82)?
-2117
Let m(r) = 412*r - 8266. What is m(20)?
-26
Let l(c) = -3*c**2 + 95*c - 679. What is l(22)?
-41
Let b(h) = -h**2 + 1169*h - 24111. Calculate b(21).
-3
Let c(w) = -w**3 - 35*w**2 + 192*w + 9223. What is c(-32)?
7
Let t(f) = -3*f**3 + 146*f**2 - 6*f + 78. Calculate t(49).
-2617
Let l(t) = -46*t**3 - 341*t**2 + 19*t + 50. Calculate l(-7).
-1014
Let a(h) = -3*h**2 - 518*h - 11137. What is a(-25)?
-62
Let j(a) = -10*a + 1866. Give j(109).
776
Let x(o) = -467*o**2 - 1896*o - 107. Calculate x(-4).
5
Let l(s) = s**3 + 442*s**2 + 4783*s + 100. Determine l(-11).
-362
Let x(w) = 6692806*w - 26771228. Calculate x(4).
-4
Let z(s) = -4*s**3 - 143*s**2 + 234*s + 7125. Calculate z(-36).
-3
Let i(h) = -537*h - 11350. What is i(-8)?
-7054
Let